of x(m).
2, 3
Let u(t) = t - 3. Let a be u(7). List the prime factors of 97 - (a - 8) - 1.
2, 5
Suppose -3*c + 21 = -0*c. Suppose -5*x - c = 3. Let o(y) = -2*y**3 + 3*y**2 - 1. What are the prime factors of o(x)?
3
Suppose 3*k = q + 438 + 1118, -k + 528 = 2*q. List the prime factors of k.
2, 5, 13
Suppose 787*m - 782*m - 5455 = 0. What are the prime factors of m?
1091
Let w = 12 - 9. Suppose n = -0*n + w. Suppose 2*p = -2*u + 24 + 6, 4*u = n*p - 59. What are the prime factors of p?
17
What are the prime factors of 11 + -1 + 3151 + -14?
3, 1049
Let w(d) = 219*d + 6. Let x be w(-1). Let f = 359 + x. List the prime factors of f.
2, 73
Let q = 41 + -34. Suppose 268 = 4*p + 4*i, q = -3*i - 2. List the prime factors of p.
2, 5, 7
Let r = -385 - -693. What are the prime factors of r?
2, 7, 11
Let m(n) = n**3 + 6*n**2 + 8*n + 3. Let d be m(-4). Suppose 21 + 24 = d*y. Suppose -b + 47 = y. List the prime factors of b.
2
Suppose -r = -l - 3, 0*l = 5*l - 2*r. List the prime factors of 1*(0 + 64)/l.
2
Let h(c) = 19*c - 9. Let g(a) = -a**3 + 11*a**2 - a + 13. Let w be g(11). List the prime factors of h(w).
29
Let z = 1018 - -4518. What are the prime factors of z?
2, 173
Let c be ((-522)/(-435))/(1 - (-6)/(-10)). What are the prime factors of c*((-190)/15)/(-2)?
19
Let m(x) = 7*x - 14. Suppose -d - 18 = -4*d. Let n be m(d). Suppose -n = -z + 2*i - i, 4*z - 128 = -4*i. What are the prime factors of z?
2, 3, 5
Suppose 0*r + 4*r = 32. Let l(n) = -5*n - 21 - n - n**3 - r*n**2 + 32. What are the prime factors of l(-8)?
59
Let z(c) = c**3 + 11*c**2 - 11*c + 12. Suppose 3*t = -2*k - 17, t + 2 + 9 = 2*k. List the prime factors of z(t).
3, 5, 19
Suppose 2*r + 17 = -5*s, -1 = 3*r + 2*s - 3. Suppose 5 = p - 2*u, u - 5*u + r = 0. What are the prime factors of p?
7
Let p be (40/(-6))/((-4)/(-48)*2). Let o = p - -76. What are the prime factors of o?
2, 3
Suppose -5 = -c - 1. Suppose -n - c*s - 32 = 0, 68 + 75 = -5*n - 3*s. Let q = n - -82. List the prime factors of q.
2, 3
Let l be (908/(-3))/(2/(-3)). Suppose -92 - l = -4*o + 2*u, 3*o - 2*u - 412 = 0. List the prime factors of o.
2, 67
Let g(y) = -6*y + 11. Let s be g(-6). Let j = 3 - s. Let l = 64 + j. List the prime factors of l.
2, 5
Let g(t) = 5*t**2 + 2*t + 5. What are the prime factors of g(-3)?
2, 11
Let i(q) = 5*q**3 + 13 + 3*q + 2*q**2 - 14 - 3*q. Let b be i(1). Let p(h) = -h**2 + 8*h + 12. List the prime factors of p(b).
2, 3
Suppose 9 = -3*l, c = 2*l - 0*l + 9. Suppose 4*g - 14 = -2, 5*w - 1061 = c*g. What are the prime factors of w?
2, 107
Let s(a) = -3*a**2 + 5*a - 7. Let q(l) = -2*l**2 + 5*l - 8. Let x(h) = 5*q(h) - 4*s(h). What are the prime factors of x(-11)?
5, 7
Let p(c) = -7*c**2 + 5*c - 2. Let v(b) = -6*b**2 + 4*b - 2. Let y(u) = 4*p(u) - 5*v(u). What are the prime factors of y(5)?
2, 13
Let c = -45 + 42. List the prime factors of c + (-300)/(-2) + 2 + 0.
149
Suppose 14*g = 266 + 98. Suppose -g + 269 = 3*k. What are the prime factors of k?
3
Suppose 4*m + r = 2777 + 893, -4*m + 3662 = 5*r. List the prime factors of m.
2, 3, 17
Let r(c) = c**3 - 33*c**2 - 42*c + 30. List the prime factors of r(35).
2, 5, 101
Let f be (3 - 49/21)/(2/12). Suppose -f = 7*d - 25. List the prime factors of d.
3
Suppose -4*m + 9 = -5*b + 29, 5*b = 2*m + 20. Suppose -b*n - d - 73 = 0, -2*d = 3*d - 15. Let i = 3 - n. List the prime factors of i.
2, 11
Let n be 1/(4/(-12)) + -100. Let h = -15 - n. What are the prime factors of h?
2, 11
Let z(o) = -4*o - 1. Let l be z(-6). Let y = l - 16. Suppose y*h - 3*h - 5*q = 85, -19 = -h - q. What are the prime factors of h?
2, 5
Let j(q) = 98*q**3 + q**2 - 1. List the prime factors of j(2).
787
Let a be (-5 + -252)*-2*(-2)/(-4). Suppose 4*i = 2*k - a - 93, 4*k = 3*i + 675. What are the prime factors of k?
3, 5, 11
Suppose 5*d - 59*z - 7760 = -64*z, 7764 = 5*d + 4*z. What are the prime factors of d?
2, 389
Suppose 0 = -0*a - a. Let k be 9/2*(20/15 - 2). List the prime factors of a - (-3 - k - 14).
2, 7
Suppose 4*y - 504 = 520. Let t be 60/(-15) - (-1 + -7). Suppose -y = -t*x - 88. What are the prime factors of x?
2, 3, 7
Let n(m) = -2*m**3 + 5*m**2 + 7*m + 3. Let u be n(-5). Let d = u + -228. What are the prime factors of d?
5, 23
List the prime factors of 26344/37 - (1 - 6).
3, 239
Suppose -24*p + 25493 - 557 = 0. What are the prime factors of p?
1039
Let b(q) be the third derivative of 0 + 0*q - 7/6*q**3 + 0*q**4 + 9*q**2 + 1/60*q**5. List the prime factors of b(-5).
2, 3
Let z(w) = -w - 1. Let g be z(-2). Suppose -h + g = -17. Suppose 0 = 3*p - q - q - 80, p - h = 5*q. List the prime factors of p.
2, 7
List the prime factors of (10933/26)/(5/10).
29
Let p(c) = c**2 - 8*c - 2. Let j be p(-6). Let r = 5 - 43. Let n = r + j. What are the prime factors of n?
2, 11
Suppose 5*v + 14 = -71. Let c = v + 49. What are the prime factors of c?
2
Let x(r) = 491*r**2 + 2*r + 2. What are the prime factors of x(-1)?
491
Suppose -1784 - 263 = -4*t - 3*n, -2*t + n = -1031. What are the prime factors of t?
2, 257
What are the prime factors of (3/((-6)/244))/((-38)/95)?
5, 61
Let k(g) = 12*g**2 + 7*g - 2. Let y(x) = 13*x**2 + 8*x - 3. Let h(o) = -4*k(o) + 3*y(o). Let p be h(-3). Let m = 113 + p. List the prime factors of m.
43
Let m = -13 + 12. Let g = m + 7. Suppose 0 = 2*a - g*a + 36. List the prime factors of a.
3
Let l(n) = 210*n**2 + 18*n + 17. List the prime factors of l(-1).
11, 19
Suppose 146796 = 207*a - 155*a. List the prime factors of a.
3, 941
Suppose -4*i = -44 - 0. Suppose 2*k - i = -127. List the prime factors of -3*-1*k/(-6).
29
Let d = 0 + 2. Suppose -7*g + d*g = -255. Let f = g + -28. What are the prime factors of f?
23
Suppose 0*p + 4*p = -2*f + 3380, 3*p - 2*f - 2542 = 0. List the prime factors of p.
2, 3, 47
Let t be 2*(-4 - (-30)/(-4)). Let d = 50 + t. What are the prime factors of d?
3
Suppose -3*v + 5 = -2*v, -3*l + v = -25. What are the prime factors of 5/(l/(-16))*-4?
2
Suppose -l = 5*k + 10, 4*l - 4*k = 3*l + 8. Suppose l*h - h + 2 = 0. Let x(s) = 3*s**3 + 3*s**2 - 2*s - 1. List the prime factors of x(h).
31
Let b(d) = -d**3 - 6*d**2 - 6*d. Let i be b(-5). Suppose 0 = -3*n - 3*y + 162, 0 = n - 2*y + i*y - 48. List the prime factors of n.
3, 19
Let b = -4 + 7. Let k = b + 17. Let p = -5 + k. What are the prime factors of p?
3, 5
Suppose 0 = -0*l + 9*l - 1449. List the prime factors of l.
7, 23
List the prime factors of (0 - -4) + 114798/57.
2, 1009
Let u be (-2142)/(-108) - 2/(-12). Suppose -5*o - v + 358 - 88 = 0, u = -4*v. List the prime factors of o.
5, 11
Let n be ((-5)/(-2))/((-1)/(-2)). Let z(r) = 6*r**2. Let p be z(2). Suppose -2*i - d + p = -0*d, -n*i = -2*d - 60. What are the prime factors of i?
2, 3
Let k = 127 + -18. Suppose -2*u - 137 = -2*f - 25, -2*f + k = -u. What are the prime factors of f?
53
Let l(j) = -99*j + 25. List the prime factors of l(-7).
2, 359
Let j(d) = -d**2 - 4*d - 24. Let n(w) = 2*w**2 + 4*w + 25. Let u(p) = 5*j(p) + 4*n(p). List the prime factors of u(-8).
2, 3, 17
Suppose -3*g = -9*g - 60. Let z(c) = 2*c**2 - 11*c - 10. List the prime factors of z(g).
2, 3, 5
Suppose 5*g = -4*r + 21, 3*r - 20 = -2*r. Let u(d) = -2 + 14*d**2 - 12*d + g + 1 - d**3. What are the prime factors of u(13)?
13
Suppose -11*q = -4397 + 1174. What are the prime factors of -1 + (-3)/(-6)*0 + q?
2, 73
Let p(m) be the second derivative of m**5/20 + 3*m**4/4 + 7*m**3/6 - 2*m**2 + 28*m. List the prime factors of p(-8).
2
Suppose -71 = 16*u - 12967. List the prime factors of u.
2, 13, 31
Let t(j) = -j + 13. Let c be t(7). What are the prime factors of (-174)/(-4) + (-3)/c?
43
Suppose -15 = -3*j, 5*j = 3*b - 0*b - 14. Suppose -t = 10 - b. Suppose 5*x = -t*l + 114, 3*x - l = 5*x - 45. What are the prime factors of x?
3, 7
Let g(a) = -14*a. Let l(z) = -4 - 1 + 4. Let t(d) = -g(d) + 2*l(d). List the prime factors of t(1).
2, 3
Let q = -15 + 415. Suppose 2*s + 4*i - q = 0, -3*s - i + 595 = -0*s. What are the prime factors of s?
2, 3, 11
Suppose 3 = -z + 3*y + 44, -5*z + 4*y = -150. Let x = 158 - z. What are the prime factors of x?
2, 3, 11
Let l(f) be the second derivative of -11*f**3/6 + 3*f**2/2 + 7*f. What are the prime factors of l(-5)?
2, 29
Let f be ((-1)/((-20)/75))/((-2)/(-16)). Let l be 4*-1*1*-1. What are the prime factors of 22/33*f/l?
5
Let r(q) = q**3 - 8*q**2 + 7*q +